nder when 4625 is divided by 563.
121
Calculate the remainder when 12977 is divided by 4316.
29
Calculate the remainder when 10883 is divided by 711.
218
Calculate the remainder when 11399 is divided by 5672.
55
What is the remainder when 31028 is divided by 3402?
410
Calculate the remainder when 65852 is divided by 21.
17
Calculate the remainder when 7105 is divided by 36.
13
Calculate the remainder when 128587 is divided by 124.
123
What is the remainder when 565542 is divided by 185?
182
Calculate the remainder when 23304 is divided by 9.
3
What is the remainder when 4685 is divided by 7?
2
What is the remainder when 18895 is divided by 510?
25
Calculate the remainder when 12895 is divided by 225.
70
Calculate the remainder when 105749 is divided by 641.
625
Calculate the remainder when 5539 is divided by 339.
115
What is the remainder when 147783 is divided by 681?
6
Calculate the remainder when 121760 is divided by 297.
287
What is the remainder when 124 is divided by 13?
7
What is the remainder when 3630 is divided by 905?
10
What is the remainder when 2182 is divided by 1090?
2
What is the remainder when 89712 is divided by 49?
42
What is the remainder when 3667870 is divided by 32?
30
Calculate the remainder when 4575 is divided by 164.
147
Calculate the remainder when 231 is divided by 191.
40
What is the remainder when 974470 is divided by 15226?
6
Calculate the remainder when 7645 is divided by 18.
13
Calculate the remainder when 39246 is divided by 49.
46
Calculate the remainder when 233549 is divided by 381.
377
What is the remainder when 354392 is divided by 117?
116
Calculate the remainder when 3620 is divided by 11.
1
Calculate the remainder when 226973 is divided by 588.
5
Calculate the remainder when 8117 is divided by 58.
55
Calculate the remainder when 267849 is divided by 227.
216
Calculate the remainder when 1213 is divided by 144.
61
Calculate the remainder when 196844 is divided by 5.
4
Calculate the remainder when 645 is divided by 259.
127
Calculate the remainder when 25739 is divided by 271.
265
What is the remainder when 5428 is divided by 385?
38
Calculate the remainder when 5966 is divided by 73.
53
Calculate the remainder when 19382 is divided by 29.
10
What is the remainder when 138918 is divided by 19845?
3
Calculate the remainder when 41056 is divided by 1001.
15
What is the remainder when 605 is divided by 297?
11
Calculate the remainder when 233572 is divided by 97.
93
What is the remainder when 7887 is divided by 2595?
102
What is the remainder when 434091 is divided by 79?
65
Calculate the remainder when 1567920 is divided by 41.
39
Calculate the remainder when 1953 is divided by 220.
193
What is the remainder when 2793 is divided by 65?
63
What is the remainder when 170305 is divided by 127?
125
Calculate the remainder when 2139 is divided by 264.
27
Calculate the remainder when 39874 is divided by 71.
43
What is the remainder when 10528 is divided by 3508?
4
What is the remainder when 192345 is divided by 64?
25
Calculate the remainder when 440532 is divided by 99.
81
What is the remainder when 1429162 is divided by 891?
889
Calculate the remainder when 36953 is divided by 84.
77
Calculate the remainder when 256708 is divided by 19.
18
What is the remainder when 276466 is divided by 83?
76
Calculate the remainder when 68886 is divided by 2995.
1
What is the remainder when 537 is divided by 109?
101
What is the remainder when 56272 is divided by 5626?
12
Calculate the remainder when 4612 is divided by 763.
34
Calculate the remainder when 40008 is divided by 1837.
1431
Calculate the remainder when 15140 is divided by 184.
52
Calculate the remainder when 36341 is divided by 353.
335
Calculate the remainder when 16908 is divided by 5617.
57
Calculate the remainder when 33258 is divided by 6651.
3
Calculate the remainder when 1617041 is divided by 6.
5
Calculate the remainder when 4104 is divided by 927.
396
What is the remainder when 77546 is divided by 25?
21
What is the remainder when 2840 is divided by 257?
13
What is the remainder when 949 is divided by 564?
385
What is the remainder when 4174 is divided by 5?
4
Calculate the remainder when 2434 is divided by 492.
466
Calculate the remainder when 3257 is divided by 1120.
1017
What is the remainder when 4751 is divided by 27?
26
Calculate the remainder when 32241 is divided by 109.
86
Calculate the remainder when 180255 is divided by 103.
5
Calculate the remainder when 76434 is divided by 117.
33
Calculate the remainder when 100349 is divided by 22.
7
Calculate the remainder when 83319 is divided by 47.
35
What is the remainder when 77814 is divided by 12965?
24
Calculate the remainder when 2690 is divided by 99.
17
What is the remainder when 1522 is divided by 218?
214
Calculate the remainder when 15290 is divided by 1905.
50
What is the remainder when 873 is divided by 82?
53
What is the remainder when 1087300 is divided by 1257?
1252
What is the remainder when 60256 is divided by 22?
20
Calculate the remainder when 191783 is divided by 524.
523
What is the remainder when 54415 is divided by 27202?
11
Calculate the remainder when 1055 is divided by 374.
307
Calculate the remainder when 140073 is divided by 18.
15
What is the remainder when 2250 is divided by 1106?
38
What is the remainder when 311 is divided by 132?
47
What is the remainder when 120170 is divided by 11?
6
Calculate the remainder when 367850 is divided by 367841.
9
Calculate the remainder when 40621 is divided by 1403.
1337
Calculate the remainder when 47583 is divided by 523.
513
Calculate the remainder when 260874 is divided by 20.
14
What is the remainder when 31072 is divided by 14?
6
Calculate the remainder when 26774 is divided by 1912.
6
Calculate the remainder when 1151 is divided by 64.
63
Calculate the remainder when 12180 is divided by 360.
300
What is the remainder when 8905 is divided by 337?
143
What is the remainder when 1004530 is divided by 251130?
10
Calculate the remainder when 1746399 is divided by 44.
39
What is the remainder when 34291 is divided by 34233?
58
Calculate the remainder when 5176 is divided by 1579.
439
What is the remainder when 8364 is divided by 586?
160
What is the remainder when 20821 is divided by 20703?
118
What is the remainder when 55958 is divided by 2799?
2777
Calculate the remainder when 114227 is divided by 93.
23
Calculate the remainder when 4819 is divided by 83.
5
What is the remainder when 60443 is divided by 264?
251
What is the remainder when 50744 is divided by 16512?
1208
Calculate the remainder when 11904 is divided by 844.
88
Calculate the remainder when 253249 is divided by 1759.
1712
What is the remainder when 5734 is divided by 96?
70
What is the remainder when 103049 is divided by 103018?
31
Calculate the remainder when 3509 is divided by 645.
284
What is the remainder when 29924 is divided by 25?
24
What is the remainder when 15377 is divided by 125?
2
What is the remainder when 1719394 is divided by 25?
19
Calculate the remainder when 14701357 is divided by 259.
258
Calculate the remainder when 31078 is divided by 478.
8
What is the remainder when 401149 is divided by 1537?
1529
Calculate the remainder when 3662 is divided by 531.
476
Calculate the remainder when 2108 is divided by 288.
92
Calculate the remainder when 43467 is divided by 270.
267
Calculate the remainder when 2425134 is divided by 277.
276
What is the remainder when 1448839 is divided by 731?
728
What is the remainder when 1698 is divided by 80?
18
Calculate the remainder when 14672 is divided by 14646.
26
Calculate the remainder when 1405796 is divided by 495.
491
Calculate the remainder when 196840 is divided by 9.
1
What is the remainder when 4163 is divided by 74?
19
What is the remainder when 586 is divided by 146?
2
What is the remainder when 4679 is divided by 18?
17
What is the remainder when 48778 is divided by 36?
34
What is the remainder when 167707 is divided by 42?
1
Calculate the remainder when 25954933 is divided by 248.
245
What is the remainder when 1163803 is divided by 27?
22
Calculate the remainder when 564447 is divided by 15.
12
Calculate the remainder when 27905 is divided by 1285.
920
Calculate the remainder when 22208 is divided 